t is the ten thousands digit of 12759?
1
What is the ten thousands digit of 28716?
2
What is the thousands digit of 1292?
1
What is the tens digit of 30706?
0
What is the hundreds digit of 107677?
6
What is the hundreds digit of 246?
2
What is the units digit of 51676?
6
What is the units digit of 41093?
3
What is the units digit of 1085?
5
What is the tens digit of 676?
7
What is the hundreds digit of 201?
2
What is the thousands digit of 4795?
4
What is the units digit of 967?
7
What is the thousands digit of 2965?
2
What is the units digit of 50027?
7
What is the hundreds digit of 1196?
1
What is the thousands digit of 1865?
1
What is the tens digit of 106853?
5
What is the tens digit of 6451?
5
What is the hundreds digit of 6497?
4
What is the thousands digit of 1094?
1
What is the hundreds digit of 1134?
1
What is the units digit of 1299?
9
What is the ten thousands digit of 24456?
2
What is the hundreds digit of 132826?
8
What is the ten thousands digit of 14346?
1
What is the thousands digit of 1479?
1
What is the thousands digit of 54400?
4
What is the ten thousands digit of 75565?
7
What is the units digit of 56379?
9
What is the thousands digit of 2375?
2
What is the hundreds digit of 6341?
3
What is the units digit of 162770?
0
What is the hundreds digit of 21087?
0
What is the tens digit of 16349?
4
What is the hundreds digit of 746?
7
What is the thousands digit of 4760?
4
What is the units digit of 2590?
0
What is the hundreds digit of 340?
3
What is the hundreds digit of 7718?
7
What is the thousands digit of 1801?
1
What is the thousands digit of 17461?
7
What is the hundreds digit of 7646?
6
What is the thousands digit of 11807?
1
What is the thousands digit of 8525?
8
What is the tens digit of 6187?
8
What is the tens digit of 3713?
1
What is the hundreds digit of 1152?
1
What is the units digit of 5489?
9
What is the thousands digit of 16805?
6
What is the tens digit of 4742?
4
What is the hundreds digit of 3774?
7
What is the tens digit of 4870?
7
What is the tens digit of 5021?
2
What is the ten thousands digit of 88088?
8
What is the units digit of 43?
3
What is the hundreds digit of 127565?
5
What is the hundreds digit of 270?
2
What is the thousands digit of 41035?
1
What is the hundreds digit of 1533?
5
What is the hundreds digit of 182?
1
What is the thousands digit of 90203?
0
What is the hundreds digit of 31741?
7
What is the thousands digit of 10825?
0
What is the units digit of 55668?
8
What is the units digit of 26356?
6
What is the ten thousands digit of 30626?
3
What is the hundreds digit of 1167?
1
What is the hundreds digit of 47910?
9
What is the thousands digit of 186913?
6
What is the units digit of 738?
8
What is the units digit of 33165?
5
What is the units digit of 1806?
6
What is the units digit of 29353?
3
What is the hundreds digit of 257?
2
What is the hundreds digit of 2864?
8
What is the units digit of 34364?
4
What is the ten thousands digit of 80155?
8
What is the tens digit of 10527?
2
What is the units digit of 591?
1
What is the units digit of 1507?
7
What is the tens digit of 1022?
2
What is the thousands digit of 4105?
4
What is the hundreds digit of 939?
9
What is the tens digit of 26394?
9
What is the tens digit of 602?
0
What is the tens digit of 6325?
2
What is the hundreds digit of 8593?
5
What is the hundreds digit of 8334?
3
What is the units digit of 72680?
0
What is the tens digit of 5291?
9
What is the tens digit of 6339?
3
What is the hundreds digit of 14117?
1
What is the tens digit of 80491?
9
What is the units digit of 3497?
7
What is the hundreds digit of 18608?
6
What is the thousands digit of 1494?
1
What is the hundreds digit of 452?
4
What is the thousands digit of 1586?
1
What is the units digit of 2826?
6
What is the hundreds digit of 225?
2
What is the ten thousands digit of 49628?
4
What is the ten thousands digit of 86047?
8
What is the ten thousands digit of 37597?
3
What is the hundreds digit of 844?
8
What is the hundreds digit of 18620?
6
What is the tens digit of 8088?
8
What is the tens digit of 3312?
1
What is the units digit of 3619?
9
What is the units digit of 1839?
9
What is the units digit of 1226?
6
What is the units digit of 6734?
4
What is the tens digit of 217?
1
What is the units digit of 4382?
2
What is the units digit of 424?
4
What is the hundreds digit of 25508?
5
What is the hundreds digit of 16880?
8
What is the tens digit of 23804?
0
What is the thousands digit of 8331?
8
What is the tens digit of 9634?
3
What is the thousands digit of 60138?
0
What is the thousands digit of 1238?
1
What is the tens digit of 25637?
3
What is the hundreds digit of 1015?
0
What is the tens digit of 62883?
8
What is the tens digit of 424?
2
What is the units digit of 8767?
7
What is the tens digit of 52370?
7
What is the thousands digit of 11011?
1
What is the ten thousands digit of 31555?
3
What is the hundreds digit of 13203?
2
What is the tens digit of 146?
4
What is the units digit of 15917?
7
What is the thousands digit of 3580?
3
What is the hundreds digit of 4668?
6
What is the hundreds digit of 1179?
1
What is the units digit of 2675?
5
What is the thousands digit of 2044?
2
What is the units digit of 41901?
1
What is the hundreds digit of 736?
7
What is the tens digit of 703?
0
What is the units digit of 1094?
4
What is the hundreds digit of 306?
3
What is the tens digit of 84541?
4
What is the ten thousands digit of 26649?
2
What is the ten thousands digit of 50580?
5
What is the ten thousands digit of 29996?
2
What is the thousands digit of 5700?
5
What is the hundreds digit of 52298?
2
What is the thousands digit of 18092?
8
What is the tens digit of 942?
4
What is the units digit of 1541?
1
What is the hundreds digit of 7846?
8
What is the tens digit of 57942?
4
What is the tens digit of 9221?
2
What is the ten thousands digit of 16579?
1
What is the ten thousands digit of 85326?
8
What is the units digit of 2145?
5
What is the units digit of 9141?
1
What is the units digit of 43836?
6
What is the thousands digit of 89709?
9
What is the thousands digit of 9322?
9
What is the thousands digit of 32616?
2
What is the hundreds digit of 677?
6
What is the units digit of 39409?
9
What is the thousands digit of 17049?
7
What is the thousands digit of 30611?
0
What is the units digit of 1762?
2
What is the tens digit of 286?
8
What is the tens digit of 66372?
7
What is the hundreds digit of 405?
4
What is the units digit of 5?
5
What is the hundreds digit of 132880?
8
What is the tens digit of 85418?
1
What is the hundreds digit of 13679?
6
What is the hundreds digit of 23588?
5
What is the units digit of 28648?
8
What is the units digit of 55?
5
What is the tens digit of 3841?
4
What is the hundreds digit of 1180?
1
What is the hundreds digit of 673?
6
What is the units digit of 195?
5
What is the units digit of 2471?
1
What is the tens digit of 73117?
1
What is the tens digit of 141151?
5
What is the hundreds digit of 1144?
1
What is the tens digit of 26030?
3
What is the tens digit of 1478?
7
What is the tens digit of 3533?
3
What is the units digit of 10204?
4
What is the hundreds digit of 38985?
9
What is the units digit of 302?
2
What is the hundreds digit of 19881?
8
What is the tens digit of 4424?
2
What is the hundreds digit of 14474?
4
What is the hundreds digit of 197?
1
What is the hundreds digit of 512?
5
What is the ten thousands digit of 12331?
1
What is the ten thousands digit of 31023?
3
What is the hundreds digit of 4913?
9
What is the tens digit of 31499?
9
What is the tens digit of 307?
0
What is the tens digit of 4680?
8
What is the units digit of 263?
3
What is the units digit of 300?
0
What is the hundreds digit of 740?
7
What is the units digit of 11862?
2
What is the hundreds digit of 896?
8
What is the tens digit of 3049?
4
What is the thousands digit of 14143?
4
What is the units digit of 10261?
1
What is the units digit of 1182?
2
What is the units digit of 4074?
4
What is the tens digit of 2833?
3
What is the hundreds digit of 1342?
3
What is the hundreds digit of 873?
8
What is the units digit of 849?
9
What is the hundreds digit of 522?
5
What is the thousands digit of 1293?
1
What is the units digit of 15946?
6
What is th